7 a prime number?
False
Is 26141 composite?
False
Is 11863 composite?
False
Is 185842 composite?
True
Is 25835 prime?
False
Is 413603 a prime number?
False
Is 94982 a prime number?
False
Is 1359266 composite?
True
Is 405134 a prime number?
False
Is 546847 composite?
True
Is 1553 a prime number?
True
Is 183413 a prime number?
False
Is 5671 composite?
True
Is 820051 prime?
True
Is 1526851 composite?
True
Is 7121 prime?
True
Is 2623 a prime number?
False
Is 851449 prime?
True
Is 2801405 prime?
False
Is 1135709 prime?
False
Is 8521 composite?
False
Is 30517 a composite number?
False
Is 2963462 a composite number?
True
Is 7 composite?
False
Is 6326 prime?
False
Is 26653 a prime number?
False
Is 35051 prime?
True
Is 32831 composite?
False
Is 32597 a composite number?
True
Is 26797 prime?
False
Is 19777 prime?
True
Is 4271 composite?
False
Is 79801 a prime number?
True
Is 1261 composite?
True
Is 13661 a composite number?
True
Is 134759 a composite number?
True
Is 120799 prime?
False
Is 14969 a prime number?
True
Is 217619 composite?
False
Is 1413773 prime?
True
Is 528521 prime?
False
Is 23303 a prime number?
False
Is 109229 a prime number?
True
Is 26977 composite?
True
Is 31523 a composite number?
True
Is 31793 composite?
False
Is 8485 a composite number?
True
Is 143 composite?
True
Is 37489 a composite number?
False
Is 1143943 composite?
False
Is 5509 a composite number?
True
Is 13521 prime?
False
Is 28697 prime?
True
Is 611593 composite?
True
Is 179506 a prime number?
False
Is 68261 prime?
True
Is 1217 a prime number?
True
Is 101551 composite?
True
Is 5567 a composite number?
True
Is 28961 prime?
True
Is 43391 a prime number?
True
Is 54373 a prime number?
False
Is 3151 a prime number?
False
Is 48673 a prime number?
True
Is 11087 composite?
False
Is 11 a composite number?
False
Is 14489 composite?
False
Is 78101 composite?
False
Is 471451 a composite number?
False
Is 251 prime?
True
Is 3947 composite?
False
Is 440747 a composite number?
True
Is 570569 a composite number?
False
Is 451859 composite?
False
Is 26153 a composite number?
False
Is 350281 a composite number?
False
Is 263647 prime?
True
Is 79103 composite?
False
Is 1157383 a prime number?
False
Is 122083 a composite number?
True
Is 6667 a composite number?
True
Is 60541 composite?
True
Is 93787 a composite number?
False
Is 48647 composite?
False
Is 3953 composite?
True
Is 382883 a composite number?
False
Is 100403 prime?
True
Is 849826 a composite number?
True
Is 4663 a composite number?
False
Is 1157 a composite number?
True
Is 61547 prime?
True
Is 8483 a composite number?
True
Is 11197 composite?
False
Is 3433 composite?
False
Is 23099 a prime number?
True
Is 59333 prime?
True
Is 123419 prime?
True
Is 28151 a prime number?
True
Is 117103 a composite number?
True
Is 3837329 composite?
False
Is 398243 prime?
False
Is 20141 composite?
True
Is 810817 a composite number?
True
Is 22105 a prime number?
False
Is 73417 a composite number?
False
Is 124327 a composite number?
True
Is 10061 prime?
True
Is 237997 prime?
True
Is 2741 a composite number?
False
Is 449 composite?
False
Is 220291 a prime number?
True
Is 25689 a prime number?
False
Is 1241627 a prime number?
True
Is 61511 composite?
False
Is 7853 composite?
False
Is 19589 a prime number?
False
Is 227363 a prime number?
True
Is 5021 prime?
True
Is 1733 prime?
True
Is 2491277 composite?
True
Is 18059 a prime number?
True
Is 41047 composite?
False
Is 194617 a prime number?
False
Is 3088535 a composite number?
True
Is 1865987 a composite number?
False
Is 80273 a prime number?
True
Is 9643 a prime number?
True
Is 104431 prime?
False
Is 400355 a prime number?
False
Is 1078757 a prime number?
True
Is 1157489 a composite number?
False
Is 313849 a composite number?
False
Is 40453 a composite number?
True
Is 82617 a composite number?
True
Is 151345 prime?
False
Is 50207 a composite number?
False
Is 9527 composite?
True
Is 28394 prime?
False
Is 20663 composite?
False
Is 1781 a composite number?
True
Is 2185567 prime?
True
Is 197479 a prime number?
True
Is 145519 a composite number?
True
Is 2147 composite?
True
Is 191999 a prime number?
True
Is 3419 a composite number?
True
Is 1502 prime?
False
Is 118493 composite?
False
Is 118666 prime?
False
Is 427781 a prime number?
True
Is 12197 prime?
True
Is 10265 prime?
False
Is 3683 prime?
False
Is 22807 composite?
False
Is 21265 prime?
False
Is 56099 prime?
True
Is 707339 a prime number?
False
Is 404621 a prime number?
False
Is 302083 a prime number?
False
Is 155063 composite?
True
Is 777001 a composite number?
False
Is 377 a prime number?
False
Is 7123 prime?
False
Is 13669 a prime number?
True
Is 126913 a composite number?
False
Is 3863 composite?
False
Is 1559 a composite number?
False
Is 29409 a prime number?
False
Is 12895 composite?
True
Is 909679 prime?
True
Is 1574 a composite number?
True
Is 2380694 composite?
True
Is 106211 a composite number?
True
Is 3589 a prime number?
False
Is 3355487 a composite number?
False
Is 182953 prime?
True
Is 5813 composite?
False
Is 1027 composite?
True
Is 3647 composite?
True
Is 3076093 a composite number?
False
Is 6467 a composite number?
True
Is 3149 a prime number?
False
Is 354953 a composite number?
False
Is 236047 prime?
False
Is 1277 a prime number?
True
Is 17023 a prime number?
False
Is 63001 a prime number?
False
Is 2237 a prime number?
True
Is 1693 prime?
True
Is 2153 a composite number?
False
Is 36213 a prime number?
False
Is 863 prime?
True
Is 27533 prime?
False
Is 2631 a composite number?
True
Is 102047 composite?
True
Is 49513 composite?
True
Is 969233 composite?
False
Is 5923 prime?
True
Is 860747 prime?
True
Is 15727 a composite number?
False
Is 47181 a composite number?
True
Is 606899 prime?
True
Is 10279 a prime number?
False
Is 604091 composite?
True
Is 737 composite?
True
Is 102623 a composite number?
True
Is 347257 composite?
False
Is 225877 composite?
True
Is 10729 prime?
True
Is 1567 prime?
True
Is 3100739 prime?
True
Is 24259 prime?
False
Is 1434217 a prime number?
True
Is 592729 a composite number?
True
Is 89263 a composite number?
True
Is 3847147 composite?
False
Is 40673 a prime number?
False
Is 1661965 composite?
True
Is 6697 composite?
True
Is 165587 a prime number?
True
Is 967 prime?
True
Is 4177 composite?
False
Is 18533 composite?
True
Is 59743 a prime number?
True
Is 115631 a composite number?
False
Is 137453 a prime number?
True
Is 52361 prime?
True
Is 94513 prime?
True
Is 27133 prime?
False
Is 1645901 prime?
True
Is 58937 a composite number?
False
Is 3821 prime?
True
Is 18269 prime?
True
Is 110419 composite?
False
Is 556931 a composite number?
False
Is 1170833 prime?
True
Is 235091 a composite number?
False
Is 12449 a prime number?
False
Is 1234733 composite?
True
Is 3877 a composite number?
False
Is 195181 prime?
False
Is 590537 composite?
False
Is 2008597 a composite number?
True
Is 244999 a prime number?
False
Is 948731 prime?
False
Is 56483 composite?
True
Is 114407 prime?
True
Is 2371 composite?
False
Is 4049 prime?
True
Is 404645 prime?
False
Is 14177 a prime number?
True
Is 127 a prime number?
True
Is 7573 a prime number?
True
Is 30529 composite?
False
Is 65437 a composite number?
False
Is 583841 prime?
True
Is 5729 prime?
False
Is 2504765 prime?
False
Is 105439 prime?
False
Is 3926707 composite?
False
Is 452987 a composite number?
True
Is 90677 a prime number?
True
Is 192857 composite?
True
Is 1087 a composite number?
False
Is 28081 composite?
False
Is 11623 composite?
True
Is 943 a prime number?
False
Is 787855 a prime number?
False
Is 10301 a composite number?
False
Is 56767 a prime number?
True
Is 336967 a composite number?
True
Is 211361 a composite number?
True
Is 136658 prime?
False
Is 419623 composite?
False
Is 26669 a prime number?
True
Is 766243 composite?
True
Is 921341 a composite number?
True
Is 73869 composite?
True
Is 67547 a composite number?
False
Is 2291313 a prime number?
False
Is 135331 a composite number?
True
Is 3127 a prime number?
False
Is 48091 prime?
True
Is 72763 a prime number?
True
Is 6533 a prime number?
False
Is 161717 a composite number?
False
Is 32537 composite?
False
Is 13963 a composite number?
False
Is 317399 prime?
True
Is 4532629 a composite number?
False
Is 8983 a composite number?
True